 = 1 + 0*c + 0*c - p*c**2 + 5*c**2 + 4*c. Give y(n).
6
Suppose -10 = -5*d + 5. Let o(k) be the second derivative of 1/20*k**5 - 1/3*k**4 + 1/3*k**d + 0 + 1/2*k**2 + 2*k. What is o(4)?
9
Let o(u) be the first derivative of -1/4*u**4 + u**3 + u + 5/2*u**2 + 4. Let q be -2*(-4)/(-10)*-5. Determine o(q).
5
Let o(k) = -5*k**3 + 2*k**2 + k. Let z be 13/(-26) + 2/(-4). What is o(z)?
6
Let r(z) = 3*z + 4. Let s be 25/(-2)*(-8)/10. Let b be s/60 + (-19)/6. Determine r(b).
-5
Let g(a) = a**2 - 2*a - 2. Let b = -33 - -23. Let h be 4/(-12)*(b + 1). Calculate g(h).
1
Let l(s) be the first derivative of -s**3/3 + 2*s**2 + s + 5. Determine l(5).
-4
Suppose -2*v - 20 = -3*o, -3*o + 0*o - 4*v + 32 = 0. Suppose z - 5*d = -o, -3*z - z = 5*d - 18. Let s(b) = 2*b**3 - 3*b**2 + b + 2. Determine s(z).
8
Let m(k) = -k - 5. Let c(n) = -4 + 13 + 5*n - n**2 + 0*n**2. Let u be c(7). Calculate m(u).
0
Let m be 2/8 + 22/8. Suppose -2*y - m = y. Let d(w) = -2*w**2 - w. What is d(y)?
-1
Let d be (-9)/(-4)*(-8)/(-3). Suppose 0 = 3*b - b - d. Let i(h) = 0*h - b*h - h**2 - h + 2. Calculate i(-4).
2
Let d = -3 - -5. Let w(p) = -1 + 1 + d*p + p**2. What is w(2)?
8
Let w = -5 - -8. Let t(p) be the third derivative of p**4/12 + p**3/3 - 32*p**2. Let n(i) = -i - 1. Let r(b) = w*n(b) + 2*t(b). What is r(3)?
4
Let s(z) = 8*z. Let r(w) = -w**3 - 5*w**2 + 5*w - 7. Let g be r(-6). Determine s(g).
-8
Let v(b) = b**3 + 4*b**2 + 3*b. Let n be v(-3). Suppose 0 = q + z - 4, -4 - 16 = -5*q - 4*z. Suppose n = q*d + 16. Let r(i) = -2*i + 1. Determine r(d).
9
Let v(b) = b - 9. Let c(x) = -x**3 + x. Let m be c(-2). Give v(m).
-3
Suppose 2*y + 0*y - 4 = 0. Let g(m) = -m**3 + 0*m + 0*m**2 - m + y*m**2 + 1 + m**2. Give g(3).
-2
Let r(c) = -c**3 - 5*c**2 + 7*c + 9. Suppose 4*q + 5*h = -5, -q + 15 = -0*h - 2*h. Suppose -q*o + 43 = -3*b, -3*o = 2*b + 2*o - 13. Calculate r(b).
3
Let z(j) = 4 + 0*j**2 - 9 - j**2 - j + 4. Let q(x) = -x**2 - 5*x + 2. Let c be q(-5). Give z(c).
-7
Let c(j) be the second derivative of j**5/20 - j**4/3 - j**3/2 - 3*j**2/2 - 5*j. Calculate c(4).
-15
Let x(b) be the third derivative of -b**6/120 + b**5/30 + 7*b**4/24 - b**3 + 17*b**2. Calculate x(4).
-10
Suppose 2*l - 2*d = l + 1, 5*l - d = -13. Let c(r) = 7*r + 2. Give c(l).
-19
Let p(o) = -1 + o**3 - 5*o**3 - 3*o**3. Give p(1).
-8
Let x be (1 - 10)*26/(-117). Let p(j) be the third derivative of -2*j**2 - 1/24*j**4 - 1/3*j**3 + 0 + 0*j. Give p(x).
-4
Let n(w) be the third derivative of -w**6/720 + w**5/60 + w**4/8 - 5*w**2. Let r(p) be the second derivative of n(p). Give r(-3).
5
Let r(z) = z**2 + z - 7. Let c(o) = -o + 12. Let l be c(10). Suppose 4 = l*k, 3*j + 2*j - k = -2. What is r(j)?
-7
Let a be (-4)/6 + 14/(-6). Let v be (18/(-2))/(a/(-2)). Let g = v + 4. Let u(f) = -3*f - 1. Calculate u(g).
5
Suppose -14*j + 18 = -8*j. Let g(l) = 0*l - 4 + 5*l - 4*l. Calculate g(j).
-1
Suppose -5*l = 24 - 9. Let b be l/(-5) + 4/10. Let g(n) = -8*n**3 + 3*n**2 + 2*n. Let m(t) = 4*t**3 - t**2 - t. Let i(f) = -2*g(f) - 5*m(f). Determine i(b).
-4
Let t(w) be the third derivative of -5*w**4/24 - w**3/6 - 9*w**2. Calculate t(-2).
9
Let d be 6/(-10) - 51/15. Let n(r) = -3*r - 6. Calculate n(d).
6
Suppose 83*m - 20 = 88*m. Let f(g) = 1 + g**2 + 4 + 6*g + g. What is f(m)?
-7
Let l(z) = z + 3. Let t(k) = 2*k + 23. Let i be t(-10). Give l(i).
6
Let d = -4 - 1. Let z(p) = -p**3 - 4*p**2 + 6*p. What is z(d)?
-5
Let t(p) = -2*p**3 - 4*p**2 - 2*p. Let b(h) = h + 4. Let j be b(0). Let x = j + 2. Suppose 0 = 2*y - 2 + x. Determine t(y).
4
Suppose 0*v - 4*v = 0. Let m(w) = v - 3*w + 7*w + 1 + 3. Calculate m(-3).
-8
Let h(b) = 2*b**2 + 2*b - 2. Let p = -30 - -28. Calculate h(p).
2
Let y(o) = -o**3 - 7*o**2 + o + 4. Let d be y(-7). Let t(b) = b**2 + 2*b. Determine t(d).
3
Let l = 1 + 2. Let n(w) = 4*w - l*w - 1 - w - w. Let z be n(2). Let c(q) = -2*q**2 - 3*q + 1. What is c(z)?
-8
Let n(c) = c + 1. Suppose 2*a = 3*v + 18, -v + 12 = -4*v. Suppose -a*y = 2*y - 15. Give n(y).
4
Suppose -5*m - 3 = -13. Let d(w) = -3*w - 2. Calculate d(m).
-8
Let p(z) = 4 + z**3 + 4*z + 2*z**2 + z**2 - 5*z. Let j(t) = -4*t + 2. Let a be j(2). Let q = a - -3. Determine p(q).
7
Let p(y) = -4*y. Let z = 4 - 3. Let l be z/(-2)*(-3 + 1). What is p(l)?
-4
Suppose -2 = -0*f - f. Let w(b) = 1 + 2*b + b**f - 8 + b. What is w(-5)?
3
Let h(m) = m**3 - 6*m**2 - 2*m + 2. Let q = 93 - 87. Give h(q).
-10
Let y(s) = -s**3 - s**2 - 1. Let d(l) be the third derivative of l**6/120 - l**5/12 + 5*l**4/24 - l**3 + 2*l**2. Let v = 0 - -4. Let z be d(v). Give y(z).
3
Let d(x) = -6*x**2 + x**2 - x**3 + 0 - 2 - 4*x. Suppose -u - u + 3*k = 18, -u = 3*k - 9. Determine d(u).
-8
Let h(w) = w**3 - 3*w**2 - 2*w + 4. Suppose 5*s - 6*s + 3 = 0. Calculate h(s).
-2
Let k(u) = -u. Let v(s) = -6*s + 11. Let c(b) = 4*k(b) - v(b). Determine c(8).
5
Let k = 13 - 15. Let l(o) = -3*o + 2. Determine l(k).
8
Let q(z) = 2*z + 1. Let t(o) = -16*o + 2. Let j be t(0). Calculate q(j).
5
Let q(x) = -x**2 - 2*x + 2. Let t = 4 - -1. Suppose 3 = -4*n - 2*c + 1, 0 = -3*c - 3. Suppose -a - f - 1 = n, t*f = -4*a - 3 + 2. Determine q(a).
-6
Let p = 42 + -30. Let y = -7 + p. Suppose -4 = b - y*b. Let h(j) = -2*j**2 - j + 1. Determine h(b).
-2
Let s(n) = -n**2 - 4*n - 6. Let l be s(-3). Let f(d) = -d**2 - 4*d - 3. Determine f(l).
0
Let g = -49 - -56. Let v(j) = -j**3 + 8*j**2 - 9*j + 7. Give v(g).
-7
Let w(k) = -5*k + 2. Let v(q) = -16*q + 6. Let s(j) = -3*v(j) + 10*w(j). Calculate s(-3).
8
Let u(p) be the second derivative of p**6/360 - p**5/60 + p**4/2 - 5*p. Let h(j) be the third derivative of u(j). What is h(3)?
4
Let o = 14 - 10. Suppose 8*p = o*p - 20. Let v(m) = m. Let i(c) = -3*c + 1. Let t(y) = -4*i(y) - 11*v(y). Calculate t(p).
-9
Let z = 17 - 30. Let y(l) = -l**2 - 12*l + 14. Give y(z).
1
Let j(l) = l**2 + l - 1. Let q(h) = h**2 + 2*h + 1. Let s(k) = -2*j(k) + q(k). Let p = 12 - 8. Calculate s(p).
-13
Let s(f) = f - 3*f + f. Let m(g) = g - 4. Let n be m(6). Suppose -10 = n*v - 3*r, -v - r = r - 9. What is s(v)?
-1
Let o(a) be the second derivative of -5*a**4/12 - a**3/3 + a**2/2 - 5*a. What is o(1)?
-6
Let x(n) = n**3 + 12*n**2 + 5*n - 11. Let t(a) = -a**2 - a + 1. Let p(o) = -6*t(o) - x(o). Calculate p(-6).
-1
Suppose -2*b + 6 = 2. Let o(j) = j**3 + 3*j**2 + 2*j**3 - 2 - b*j**3 - 3*j**3. Give o(2).
-6
Let g(v) be the first derivative of v**4/4 + 4*v**3/3 - v**2/2 - 3*v + 1. What is g(-3)?
9
Let h(u) be the first derivative of 4 + 1/3*u**3 - 3*u - 3/2*u**2. Calculate h(3).
-3
Suppose 10 = -3*f - 5. Let g(n) = n**3 + 4*n**2 - 5*n - 6. Calculate g(f).
-6
Let a(w) = 5*w**2 - 4*w + 3*w**3 - 4*w**3 + 1 + 2*w**3. Calculate a(-6).
-11
Let x(q) be the first derivative of q**5/30 - q**3/3 - 4. Let p(c) be the third derivative of x(c). Give p(-1).
-4
Let a be (0 - 0 - 4)*6/(-24). Let s(o) = 12*o - 1. Give s(a).
11
Let b(q) = q - 3*q**3 + 6*q**2 + 2*q**3 - 1 - 5*q**2. What is b(1)?
0
Let j(s) be the second derivative of 1/6*s**4 - 2*s**2 - s + 0 + 1/3*s**3. Calculate j(-3).
8
Let f(v) be the first derivative of v**3/3 + 9*v**2/2 + 6*v + 5. Give f(-8).
-2
Let n(i) = -4*i - i**3 + 23*i**2 + 11 + 5*i - 22*i**2 - 11. Let q(a) = -a - 2. Let p be q(-2). Give n(p).
0
Let x(w) = -w**2 + 6*w - 3. Suppose -5*p + p = 4. Let n = 5 + p. Suppose 0 = n*b - 22 + 6. Determine x(b).
5
Let s be 2/5 - (-13)/5. Let h(j) = -3*j - 3 - s*j + 2*j. Let v be (2/(-5))/((-3)/(-15)). Calculate h(v).
5
Suppose -8*f - 3*v + 1 = -7*f, -5*f - 3*v - 7 = 0. Let z(i) = -8*i**2 + 1. Calculate z(f).
-31
Suppose 5*t = x + 16, -11 = 5*x - 4*t + 6. Let y be 6*(2 - 9/6). Let p(b) = 3*b + y*b + 5*b. What is p(x)?
-11
Let i(d) be the third derivative of -d**4/24 + 2*d**3/3 - d**2. Let k be i(4). Let r(w) = w**3 + w**2 - 4. Calculate r(k).
-4
Let r(x) = 77*x**3 + 0*x**2 - 41*x**3 + x + 5*x**2 - 35*x**3 - 2. Let b be (-2)/(-3) - (-28)/(-6). What is r(b)?
10
Let u(h) = h**2 - 10*h + 8. Let i be u(9). Let v(l) = -12*l**2 - l. Calculate v(i).
-11
Let n = 11 + -8. Let t(c) = 2*c**2 - n*c - 1 + 4*c - c + 4*c**3. Let r(b) = b**3 - 4*b**2 - 5*b + 1. Let g be r(5). What is t(g)?
5
Let a(g) = g**2 - g - 3. Let s = -1 + 1. Suppose 0 = -4*l - s*l + 12. Suppose 2*j - 20 = -l*j. Determine a(j).
9
Let w(m) = m**2 + 5*m - 1. Let p(y) = -y**2 + 13. Let z be p(0). Let j = z + -17. Determine w(j